)/5*1. Let a(l) = 21*l + 24*l - 42*l + q. What is a(-4)?
-8
Let n(z) = -6*z - 365. Let s be n(-62). Let j(r) = 2*r**2 - 11*r - 15. Determine j(s).
6
Let p(o) = -o**2 - o - 2. Let n be ((-238)/(-280) - 9/15)/((-1)/4). Calculate p(n).
-2
Let h = -7365 + 7375. Let g(j) be the third derivative of 0 - 1/3*j**4 + 0*j + 1/20*j**5 + 1/120*j**6 + h*j**2 - 1/2*j**3. Give g(-5).
-13
Let n(u) = -3*u**2 - 99*u + 106. Let o be n(-34). Let z(g) = -2*g**2 + 13*g - 14. Give z(o).
6
Let q(r) = r**2 - 12*r + 2. Let a(p) = p**3 - 5*p**2 + 6*p - 14. Let t be a(5). What is q(t)?
66
Suppose 13303 - 13247 = 4*x. Let q(p) = -7*p + 88. Determine q(x).
-10
Suppose 28 - 4 = 2*h - 4*x, -27 = -2*h + 3*x. Let l = h + -15. Let a(t) = -t - 1 + t + 3*t + l*t. What is a(1)?
5
Let w(y) be the first derivative of 151*y**4/4 - y**3 - y**2/2 + y - 644. Calculate w(-1).
-152
Let w(g) = 11*g**2 - 3*g + 2. Let c be w(1). Let f(a) = 0*a + 23*a + 5 - 24*a. Give f(c).
-5
Suppose 0 = 3*s - 3. Suppose -g - 3*y + 17 = 0, g + 3*g = -y + 24. Let x(j) = -g*j + s - 2 + 1. Calculate x(-2).
10
Let v be -3 - (6 + -594 + 0). Let f = v - 582. Let t(n) = -6*n - 4. Give t(f).
-22
Let v(d) be the first derivative of 1/3*d**3 - 63 + 5*d - 7/2*d**2. What is v(7)?
5
Suppose -6*v + 22 = -2*v + 3*i, 3*v - 2 = 5*i. Suppose -l = v, 1 = -2*c - c - l. Let d(o) = -12*o + 1. What is d(c)?
-11
Let c(h) be the first derivative of h**2/2 + h + 1. Let t = -68 + 72. Suppose -i = -4*v - 8, -3 = -v + 3*i - t*i. Determine c(v).
0
Let j(v) = 459 + 487 - 1855 + 486 - 3*v + 464. Give j(7).
20
Suppose 0 = y - 2*k + 160, -y = -3*k + 107 + 50. Let g = y - -160. Let m(z) be the third derivative of -z**4/12 - z**3 + 2*z**2. Calculate m(g).
6
Let c(t) = -1 + 2*t - 2*t + 4*t. Let x be (-5)/(-1) - (26 - 24). Suppose x*m + 2*h + 11 = -3*h, -4*h + 2 = -3*m. What is c(m)?
-9
Let p(q) = -q + 15. Let c(u) = 2*u - 29. Suppose 2*z + 15*z + 34 = 0. Let s(n) = z*c(n) - 5*p(n). What is s(13)?
-4
Let c(t) = 36 - 21 - 16 + t. Let y(q) = -3*q**2 + 6*q + 4. Let g(o) = -7*o**2 + 11*o + 8. Let v(l) = -4*g(l) + 9*y(l). Let x be v(-9). What is c(x)?
-6
Suppose 5*l + 6 = 2*l. Let o(n) be the third derivative of -11*n**2 + 0 + 1/3*n**3 + 0*n + 1/120*n**6 + 1/24*n**4 + 1/15*n**5. Calculate o(l).
8
Suppose -111*v = -18*v - 558. Let t(j) = j + 5*j**2 + 5*j - j**3 - j + 1. Give t(v).
-5
Suppose 588 = -33*c - 16*c. Let i(b) = -b**3 - 12*b**2 + 1. What is i(c)?
1
Let o(a) = 2*a + 19. Let d = 37 - 40. Let w be o(d). Let c(j) = -16*j + 5*j + w*j - 14. Give c(6).
-2
Let r(g) = g**3 + 6*g**2 - 16*g - 7. Suppose 24*n + 76 = -174 + 58. Calculate r(n).
-7
Let f(c) = c**3 + 4*c**2 + c - 1. Suppose 13*w = -2*w + 75. Suppose -55 = -4*q - 3*s, -w*q + 52 = -4*s + 22. Let g be (q - 4)/(1*-2). Give f(g).
5
Let y(i) = -7*i**2 - 7*i. Let m(d) = 4*d**2 + 6*d + 2. Let z(v) = -2*m(v) - y(v). Suppose -17 = -3*g + 7. Let t be 3*(g/(-6) - 0). Determine z(t).
0
Let g(w) = w**3 + 14*w**2 + 18*w + 14. Let r(x) = 2*x**3 + 28*x**2 + 35*x + 29. Let i(v) = -5*g(v) + 3*r(v). Suppose 0 = 146*q + 849 + 1049. What is i(q)?
-9
Let j(w) = -33*w + 69*w**2 - 24*w**2 - 10*w**2 - 34*w**2 + 187. Calculate j(26).
5
Let v = -120 + 108. Let i be (4 - 52/8)*v/5. Let f(k) be the second derivative of k**5/20 - 5*k**4/12 - 2*k**3/3 - 3*k**2/2 - k. Give f(i).
9
Let y(q) = 3*q**3 - 12*q**2 + 2*q + 20. Let i(l) = -l**3 + 4*l**2 - l - 7. Let r(g) = 17*i(g) + 6*y(g). What is r(5)?
1
Let b = 536 - 495. Let r(n) = 72*n - 32*n - b*n - 12. What is r(-9)?
-3
Suppose 0*p = 4*q - 2*p - 46, 54 = 3*q + 5*p. Let o(y) be the third derivative of -y**4/24 + 4*y**3/3 - 22*y**2. Calculate o(q).
-5
Let j(i) be the first derivative of -i**3/3 - 11*i**2/2 - i - 548. Let f = 14 - 24. Determine j(f).
9
Let o(x) = 21*x**3 + 79*x**2 - 46*x - 23. Let p(v) = -8*v**3 - 27*v**2 + 15*v + 7. Let g(l) = -3*o(l) - 8*p(l). Determine g(20).
-27
Let r(q) = -q**3 + 8*q**2 - q + 1. Let p(c) = c - 1. Let d(s) = p(s) - r(s). Suppose 0 = -16*v + 13*v - 4*t + 92, -v - 2*t + 42 = 0. Calculate d(v).
14
Let c(s) be the first derivative of 8*s**2 - 1146. What is c(-1)?
-16
Let p(o) = o**2 + 5*o + 3. Let q(s) = 4*s**2 + 5*s - 3. Let i be q(4). Suppose 156 = 3*v - v. Let m = v - i. Calculate p(m).
-3
Let w(k) = 2*k**2 + 19*k - 7. Let f be w(-10). Suppose f*u - 124 = -145. Let d(v) = -v**2 - 8*v - 8. Calculate d(u).
-1
Let s(h) = 2*h - 14. Let r be 204/15 + (-27)/45. Let y be s(r). Suppose 15*b = y*b - 9. Let n(g) = g - 3. Calculate n(b).
-6
Let o(s) = -2*s**2 - 20*s + 15. Let q be -10 - 68/136*(-3 - (-3 - 0)). Calculate o(q).
15
Let s(j) be the third derivative of -j**4/12 - 7*j**3/2 - 222*j**2. Determine s(-10).
-1
Let c(d) = 4*d**2 - 84*d + 4. Let r be c(21). Let m(o) = 11*o**3 - r*o**3 + 12*o**3 + o**2 + 11 - 26*o**3 + 6*o**3. Give m(0).
11
Let j(z) = z**3 - 6*z**2 - 8*z + 1. Suppose 258 = 5*u + 238. Suppose 0 = u*q + 7*p - 4*p - 16, 0 = q - 2*p - 15. Determine j(q).
-6
Let i(f) = f + 1. Let g(m) = 0 + 56*m - 3 - 2*m**2 - 58*m. Let a(n) = -g(n) - 4*i(n). Suppose -2*j = 3*q - 7, j + 2*q - 7 = -3*q. Calculate a(j).
3
Let o(v) be the first derivative of -218*v + 71*v + 67*v - 4*v**2 + 73*v - 339. What is o(-7)?
49
Let p be (0 - -3 - 6) + (-12)/(-6). Let b(n) be the second derivative of 0 - n + 1/2*n**3 - 1/2*n**2. What is b(p)?
-4
Let w(v) be the second derivative of -1/24*v**4 + v + 0 - 5/2*v**2 + 3/2*v**3. Let i(g) be the first derivative of w(g). What is i(-7)?
16
Let a be 4004/36 - (-16)/(-72). Suppose 20*w = a - 171. Let y(s) = -s**3 - 4*s**2 - 3*s + 4. Calculate y(w).
4
Let f(c) = -c + 8. Suppose 24 = 20*i - 25*i + 2*j, 5*i + 2*j + 16 = 0. What is f(i)?
12
Suppose 0 = -4*v - 23 - 89. Let a be -4 + 68/12 - v/12. Let l(w) = w**3 - 2*w**2 + w - 3. Calculate l(a).
33
Let u(t) = -1. Let b(o) = o**2 + o + 2. Let v(y) = b(y) + 3*u(y). Let q(w) = -7*w + 6. Let z be q(4). Let i = -25 - z. Calculate v(i).
5
Let s(d) = -d**3 + 4*d**2 - 14*d + 37. Let y = -15163 - -15166. Determine s(y).
4
Let o(m) = m**2 - 43*m + 115. Suppose 2280 = 27*g + 36*g - 6*g. Calculate o(g).
-5
Let k(u) = -162*u - 648. Let m be k(-4). Let g(t) be the second derivative of -1/20*t**5 + 1/4*t**4 + 1/2*t**3 + 1/2*t**2 + m + 14*t. Determine g(3).
10
Let m be (8 - (6 - 45/(-27)))/((-4)/36). Let a(x) = -x**3 - 5*x**2 + 4*x + 5. Determine a(m).
-25
Let p(j) = -j + 1. Let o be ((-172)/(-28))/((-4)/(-28)). Suppose 0*l - 86 = 2*l. Let h = l + o. What is p(h)?
1
Let v(c) = -21*c - 48. Let b be v(-4). Suppose 9*y + b = -9. Let g(i) = -i**3 - 3*i**2 + 8*i + 4. Calculate g(y).
14
Let y(q) = q**3 - 4*q**2 - 12*q + 2. Let b be y(6). Suppose -3*n - b*n + 35 = 2*r, 0 = -4*n - 5*r + 11. Let x(p) = -4 - 3 + n - p + 3*p. Determine x(8).
18
Let x(i) = 55 - 55 + 9*i. Let d(q) = -7*q - 1. Let b(w) = 3*d(w) + 2*x(w). What is b(-4)?
9
Let v(d) = d**3 - 9*d**2 + 16*d - 67. Let x be ((4 - -17) + -20)*8. What is v(x)?
-3
Let m(s) = -s**3 - 4*s**2 - 9*s + 4. Suppose 0 = -461*z + 468*z - 2*u + 36, -2*z - 2*u = 0. Calculate m(z).
40
Let f(s) = -s**2 - 5*s + 8. Let w be (-60)/1*(-8)/2. Let m be w/7 + (-4)/14. Let d = m + -40. Determine f(d).
2
Suppose i = -6*i + 301. Suppose 47*b = i*b - 4. Let q(l) be the first derivative of -13*l**4/4 + l**3/3 - l + 1. Give q(b).
13
Let a(v) = 2*v**2 + v - 2. Let h be a(2). Let y = h + -8. Let m(j) = 6*j**2 - j - 1. Let p(k) = -29*k**2 + 6*k + 2. Let o(n) = 5*m(n) + p(n). Determine o(y).
-3
Let f = -5 - -7. Suppose 6*i + 7 + 35 = 0. Let y(q) = q**3 - 4*q**2 - q - 3. Let l(g) = 4*g**3 - 14*g**2 - 4*g - 10. Let p(u) = i*y(u) + 2*l(u). Determine p(f).
7
Let v(b) = -b - b**3 - 5 + 13 + 0*b + 0*b**3 - 5. Let k = -222 + 222. Give v(k).
3
Suppose -m = -40 + 80 - 37. Let k(c) = -8*c - 5. What is k(m)?
19
Let o(x) be the second derivative of x**3 - 11*x**2 + 200*x. Let j(i) = 3*i - 14. Let t(g) = 5*j(g) - 3*o(g). Give t(-3).
5
Let m(f) be the first derivative of -19*f**2 + 49*f + 1825. Determine m(1).
11
Let c = -402 - -400. Let i(w) = -3 + 78*w + 73*w + 1 - 166*w. Determine i(c).
28
Let m = -203 + 212. Let i(f) = 38*f + 11. Let p(v) = -19*v - 5. Let a(c) = m*p(c) + 4*i(c). Calculate a(1).
-20
Let d(h) = -h**2 + 18 + 21 - 3*h + 0 - 2*h**2 - 38. Give d(-2).
-5
Let j(t) = 4 - 1 - 10*t**3 - 3*t - t**2 + 2*t**3 + 0*t**3 + 9*t**3. Calculate j(2).
1
Suppose y = -2*y + 27. Let x(g) = 321 + 